. What are the prime factors of w?
3, 13, 31
Suppose 3*i + 11*y - 8*y = -5724, 2*i - 4*y + 3834 = 0. What are the prime factors of i/(-63)*(-27)/(-3)?
3, 7, 13
What are the prime factors of (10/2 + (16464/(-9))/7)*-12?
2, 769
Let r(v) = -3*v + 1. Let n be r(-6). Suppose -n = 4*l - 11. What are the prime factors of (42/(-6))/(l/8)?
2, 7
Let j(g) = -9*g**2 + g - 1. Let z be j(1). Let m be (-1)/(-3) - (120/z)/5. Suppose 0 = m*a - 4 - 47. List the prime factors of a.
17
Let k = -4761 - -16407. What are the prime factors of k?
2, 3, 647
Let y(q) be the third derivative of 505*q**4/24 + 2*q**3/3 - 158*q**2. What are the prime factors of y(2)?
2, 3, 13
Suppose -k + 13 = -5*x + 2, 2*x + 6 = 0. List the prime factors of 558 - -10*(-4)/32*k.
563
What are the prime factors of ((-4037894)/(-42))/((-140)/(-120))?
2, 41203
Suppose 128598 + 56913 = 5*h - 55289. What are the prime factors of h?
2, 5, 7, 43
Let w = 189 + -185. Suppose w*h = 3*b + 2105, h - b - 525 = -0*h. What are the prime factors of h?
2, 5, 53
Let c be (-1 - (-2)/4)/(4/(-56)). Suppose c*d - 1300 = 3*d. What are the prime factors of d?
5, 13
Suppose -f = -g - 208, 5*g + 618 = -3*f + 6*f. Let z = f - 113. What are the prime factors of z?
2, 7
Suppose 0 = 27*x - 32*x + 9375. Suppose 5*y = -4*t + 2*y + x, 4*y - 1415 = -3*t. List the prime factors of t.
3, 5, 31
List the prime factors of 11402 + 4 + 5 - (2 + -2)/(-1).
11411
Suppose o + 5 = 9, 5*h = 3*o + 36263. What are the prime factors of h?
5, 1451
Let v be -24*2/((-6)/5). What are the prime factors of -38*(8 - (v + -8))?
2, 3, 19
Let g(o) = -6*o - 3. Let b be g(-1). List the prime factors of 44 - 21 - (b - 0).
2, 5
Let x(u) = 87*u + 384. Let a = 250 + -239. List the prime factors of x(a).
3, 149
Let o(w) = 6*w - 9. Let r be o(2). Suppose 5*i = r*h - 20 + 6, 5*i = -2*h - 24. List the prime factors of ((-374)/(-4) - h)*2.
191
Let x(y) = 2142*y**2 - 24*y + 49. List the prime factors of x(3).
5, 3851
Suppose 19685 = 3*i - s, 4*i + 3*s - 32827 = -i. What are the prime factors of i?
6563
Let s(d) = -43*d**3 + 32*d**2 + 7*d + 11. What are the prime factors of s(-5)?
6151
Suppose 5*r + b = 104142, 20870 = r - 422*b + 417*b. List the prime factors of r.
2, 5, 2083
Let t be (-52 - -53)/(1/3). Suppose -9265 = -t*v - 14*v. List the prime factors of v.
5, 109
Suppose -3*i - 2*i - 5*b - 355 = 0, -367 = 5*i + 2*b. Let v = 163 + i. List the prime factors of v.
2, 11
Let l = -9758 - -19231. What are the prime factors of l?
9473
Suppose -10 = -4*r + k - 82, 0 = -r - 3*k - 18. Let w = 228 + r. List the prime factors of w.
2, 3, 5, 7
Let i = -12389 + 50752. What are the prime factors of i?
13, 227
Suppose 0 = -2*m - 3*y - 1165, -3*m - 2*y + 586 = -4*m. Let o = m + 1012. What are the prime factors of o?
2, 107
Let k(p) = -27*p - 121. Let m(y) = -82*y - 361. Let x(f) = -11*k(f) + 4*m(f). What are the prime factors of x(-37)?
2, 11, 47
Let y(a) = a**3 + 9*a**2 - 10*a. Let r be y(-10). Suppose -t - 42 + 46 = r. Suppose -u + t*u + i - 217 = 0, -2*u + 143 = i. List the prime factors of u.
2, 37
Let k(t) = -148*t**3 + 6*t**2 + 67*t + 257. List the prime factors of k(-4).
19, 503
Let f(j) = 80*j + 29 + 28 + 72*j - 49*j. List the prime factors of f(3).
2, 3, 61
List the prime factors of (-26559)/273*(-7)/3.
227
Let b = -26809 + 45000. List the prime factors of b.
18191
Suppose 0*a - 4*a = -12. Suppose 0 = -3*m + 4*m + a*m. Suppose m = 7*f + 152 - 670. List the prime factors of f.
2, 37
Let b(u) = 9*u**3 + u**2 + 3*u. Let s = -30 + 45. Suppose 2*w = -10*a + 5*a + 29, -s = -5*w - a. List the prime factors of b(w).
2, 41
Let f be 862/3*-3*(-8)/8. Let o = f - 377. What are the prime factors of o?
5, 97
Suppose 34925 = 5*n - 5*f, 5*f + 2298 = 3*n - 18651. List the prime factors of n.
2, 1747
Suppose 889344 + 22208 = 32*a. What are the prime factors of a?
2, 14243
Let z(u) = -430*u - 2150. List the prime factors of z(-17).
2, 3, 5, 43
Let m(h) = 107*h**3 + 4*h**2 - 51*h + 181. What are the prime factors of m(4)?
83
Let q = 4750 - 4717. Suppose 2 + 10 = 4*g + 3*c, 0 = 4*c - 16. Suppose g = q*r - 38*r + 295. What are the prime factors of r?
59
Let j(t) = -2495*t - 2760. What are the prime factors of j(-10)?
2, 5, 7, 317
Suppose -123*k + 29674 = -122*k + 5*g, -59384 = -2*k - 4*g. List the prime factors of k.
2, 47, 79
Let s(q) = 394*q - 1. Let v(k) = k + 1. Let r(y) = -s(y) - 3*v(y). Let h be r(-1). Let j = h - 254. What are the prime factors of j?
3, 47
Let z(r) = -56*r**3 + 2*r**2 - 4*r - 14. Let j be z(-2). Suppose 0 = -3*b + 3*q + j, -b + 3*q - 51 + 191 = 0. List the prime factors of b.
5, 31
Suppose -22*o + 632761 - 113385 = 0. What are the prime factors of o?
2, 13, 227
Suppose 0 = -3*a - 5*b + 20, 0 = -5*a - 6*b + b + 20. Suppose a = 5*c - 25*c + 17940. List the prime factors of c.
3, 13, 23
Suppose 5*b = 16 + 9. Suppose -6*z + 7 = -b. Suppose -2*d = 3*v - 305, 66 = z*v - 5*d - 112. What are the prime factors of v?
3, 11
Suppose -5*i + 8943 = 2*a, -3*a = 4*i + 2*a - 7134. List the prime factors of i.
3, 199
Let k(t) = 53*t + 21. Let l be k(9). Suppose -4*j = -2*f - 1100, -3*j = 3*f - l - 345. List the prime factors of j.
277
What are the prime factors of ((-15388)/(-6) - 2) + (-3)/(-9)*-2?
2, 3, 7, 61
Suppose -17*p + 2*p + 175800 = 9*p. What are the prime factors of p?
5, 293
Let k(f) = -285*f - 1476. What are the prime factors of k(-33)?
3, 881
Suppose 37 = -3*x + 6*x + o, -o - 47 = -4*x. Let d = x + -9. Suppose d*v - 452 = -2*a, 0 = 8*a - 6*a - 8. List the prime factors of v.
2, 37
Suppose 5*j = 2*j + 6. Suppose -27*s - 160 - 56 = 0. List the prime factors of j*5*s/(-20).
2
Let c(f) = 12*f**3 - 2*f**2 - f + 3. Let o be c(1). Suppose -o = 3*p - 1071. List the prime factors of p.
353
Let t = -74921 - -134348. What are the prime factors of t?
3, 31, 71
Suppose 0 = -5*x - 2*r + 2, 4*r = -0*x - x - 14. Let q be 2*1*x/((-20)/(-835)). Let w = 305 - q. List the prime factors of w.
2, 3, 23
Let a = -490 + 489. List the prime factors of a + 4 + -5 + 5 + 1097.
2, 5, 11
Let a = 222 - 131. Let h = a - 163. Let m = 129 + h. What are the prime factors of m?
3, 19
Let d = -40984 + 59046. List the prime factors of d.
2, 11, 821
Let l(t) = -10437*t - 566. What are the prime factors of l(-1)?
9871
Let n be 592/(-16)*(2 - 1). Let q = 103 + n. What are the prime factors of q?
2, 3, 11
What are the prime factors of 729 - (2 - 2/(-6)*-27)?
2, 23
What are the prime factors of (5 - 33/6)*814*-19?
11, 19, 37
List the prime factors of (-3792)/(-5214) + (-278237)/(-11).
5, 5059
Suppose 25*m = 3*m + 462. Suppose -m = -2*s - 3*d, 0 = -2*s + 5*d - 14 - 5. List the prime factors of s.
3
Let o(f) be the second derivative of -8*f**2 - 1/12*f**4 + 0 - 3*f + 11/3*f**3. List the prime factors of o(13).
101
Let j(f) = 21*f**2 + 11*f + 7*f - 9*f - 18 + 4. List the prime factors of j(-5).
2, 233
Let u = 73 + -76. Let r(c) = -30*c - 10. Let o(p) = 510*p + 170. Let i(h) = -3*o(h) - 50*r(h). What are the prime factors of i(u)?
2, 5
Let k be (-131)/1*(-11)/(11/12). Suppose -10*l + k = -6*l. What are the prime factors of l?
3, 131
Let m(w) be the third derivative of -1/3*w**4 + 0 + 0*w + 7/6*w**3 - 4*w**2. What are the prime factors of m(-2)?
23
Let g(t) = t**3 + 9*t**2 + 9*t + 7. Let j be g(-8). Let i be (-4 - 0)*(j + 0). Suppose 2*u - 450 = -i*u. What are the prime factors of u?
3, 5
Let m be (-63)/(-105)*(88 + -3). List the prime factors of 3 + m/15 + (-44)/110.
2, 3
Let l = 149 + -147. Suppose -u - 4 = 0, -l*a + 2*u = 7*u - 566. What are the prime factors of a?
293
Let s = 4857 + 4653. List the prime factors of s.
2, 3, 5, 317
Suppose 53*q - 109*q = -62*q + 5112. List the prime factors of q.
2, 3, 71
Let v be (16 - (5 - 1)) + 5. What are the prime factors of v/(-3) - -5 - (-2188)/6?
2, 7, 13
Let f be 6 - (15 + -5) - -7. Suppose 3*a + w - 43 = a, -5*a - 5*w + 95 = 0. What are the prime factors of 125/f*a/20?
2, 5
Let t(k) = 31*k + 152*k + 2 + 9*k. Let y be t(2). Suppose -5*r = -3*v - y, 2*r = -0*v + 4*v + 146. What are the prime factors of r?
79
Let k(y) = -302*y - 3689. What are the prime factors of k(-79)?
3, 83
Let l be (3/2)/((-6)/12). Let i be (-3)/24 + l/(-24). Suppose -4*m + 9*m - 445 = i. List the prime factors of m.
89
Let h = -410 - -1104. Let x = h + -454. List the prime factors of x.
2, 3, 5
Le